23
Let y(t) = -6 + 6*t**3 - 7*t**3 + 8 + 15 + 26*t**2. Let s be y(26). Suppose s*x - 18*x = -96. What are the prime factors of x?
2, 3
List the prime factors of (136/(-5))/((-1488)/2391960).
2, 17, 643
Let s be (-4)/12 + 1/(6/(-64)). Let i(v) = -39*v + 1. List the prime factors of i(s).
2, 5, 43
Suppose -5*c - 5 = 5. Let v be -2 - (c/(-4))/(5/(-10)). What are the prime factors of 45 - (-1 - (5 + 3/v))?
2, 3
Suppose -342 = -7*w - 104. Let g = 35 - w. List the prime factors of (-128)/(-2) - (g - 0).
3, 7
What are the prime factors of (-10697 + 45)*(-6)/24?
2663
Let q be (12/15)/(((-10)/25)/(-1)). Suppose -327 = -q*j - 75. Let k = j + -32. What are the prime factors of k?
2, 47
Let v = 8777 - 3025. Suppose -268*m = -260*m - v. List the prime factors of m.
719
Let y(h) = -h**3 - 3*h**2 - 4*h. Let q be y(-3). Let v(l) = -l**2 + 39*l + 7. What are the prime factors of v(q)?
331
Let q(f) = 1449*f**3 + f - 1. Let p be q(1). Suppose 4*d - p - 99 = 0. List the prime factors of d.
3, 43
Let q(o) = -6*o**2 + 25 - 9*o**2 + 45*o**3 + 15*o - 46*o**3. List the prime factors of q(-17).
2, 3, 29
Let h(x) = 164*x**2 + 1038*x + 41. What are the prime factors of h(-14)?
127, 139
Suppose -496 = -5*p - b, -b + 392 = 4*p + b. Let t = 57 + -51. Let h = p + t. What are the prime factors of h?
2, 53
Suppose 44*t = 39*t. Suppose -4*r + u = -t*u - 2422, -4*r + 5*u + 2430 = 0. What are the prime factors of r?
5, 11
Suppose -297*c - 930426 = -338*c - 247653. List the prime factors of c.
3, 7, 13, 61
List the prime factors of ((-657)/2)/((-359)/5026).
3, 7, 73
Suppose -19398 = -2*c + 4*g, 0 = -c + 202*g - 203*g + 9693. List the prime factors of c.
5, 7, 277
Suppose -2*j - 6 = -2*d - 0*d, -4*d - 5*j = -57. Let c be 5*((-68)/(-20) + -4) + d. Suppose 5*q = c, -2*y + 3*q - 7*q = -40. What are the prime factors of y?
2, 3
Let z = -1361 + 2140. What are the prime factors of z?
19, 41
Let y(f) = -2*f - 6. Let m be (-18 - -9) + 3/1. Let g be y(m). Let r(o) = 5*o**2 - 12*o - 5. What are the prime factors of r(g)?
103
Suppose 367878 = 999*q - 942*q. List the prime factors of q.
2, 7, 461
Let c = 3 - 3. Let t(k) = k**3 - 18*k**2 + 3*k - 50. Let y be t(18). Suppose y*r - 3*m = 645, c*r = -3*r + m + 490. List the prime factors of r.
3, 5, 11
Let u = 12 + -15. Let n be (119/21)/((-1)/u). Suppose n + 511 = 4*q. List the prime factors of q.
2, 3, 11
Suppose 0*j - 224 = -n + 3*j, 469 = 2*n + j. Let b = n - -687. What are the prime factors of b?
2, 5, 23
Let i(j) = -8*j - 23. Let l(h) = 7*h + 23. Let y(x) = 5*i(x) + 6*l(x). Let b be y(-10). Suppose 4777 = b*m + 14*m. List the prime factors of m.
281
What are the prime factors of (-8 - 70/(-14)) + 16943?
2, 5, 7, 11
Let h = 4597 - 1468. What are the prime factors of h?
3, 7, 149
Let x(u) = -u**3 + 9*u**2 + 53*u - 18. Let y be x(13). List the prime factors of 4/y + (-32472)/(-90).
2, 3, 5
Let m = 1 - 10. Let g(w) = -w**3 - 9*w**2 + 10*w - 8. Let t be g(m). Let d = t - -172. What are the prime factors of d?
2, 37
Suppose 620*j = 604*j + 68928. List the prime factors of j.
2, 3, 359
Let w = 49 + 54. Let l(y) = 5*y - 2. Let i be l(5). Suppose w = 3*f - i. List the prime factors of f.
2, 3, 7
Let f(d) = d**2 - 8*d + 22. Let v be f(3). Suppose v*z + 1 = 22. Suppose -c + z*c - 24 = -g, 5*c - 63 = -g. List the prime factors of c.
13
Suppose -2*k = h - 90, 0 = 5*k - 4*h - 99 - 139. Let x be 5*k/2 - 4. Let l = x - -54. What are the prime factors of l?
3, 5, 11
Suppose -f - 5 = -5*m + 9, 0 = -m - 3*f - 10. Suppose 0 = -m*r - z + 765, -r - r = -4*z - 770. What are the prime factors of r?
383
Let c(x) = 10*x**2 + 6*x + 2. Let j be (-4)/5 + 14/5. Suppose -j*h + 90 = 84. List the prime factors of c(h).
2, 5, 11
List the prime factors of 8811375/450 + 5/(-6).
2, 5, 11, 89
Let s = -1074 + 1032. Let l = 0 - -10. List the prime factors of s/(15/l*-1).
2, 7
Suppose -10*v = 2*v + 96. Let y be 1/(((-2)/(-1668))/(50/30)). What are the prime factors of (-2)/v - y/(-40) - 4?
31
Let l be (-132)/220 - (-29356)/10. Suppose -5*m = -5*s + l, -5*s + 2*m + 1462 + 1464 = 0. What are the prime factors of s?
2, 73
Suppose 2*u - l - 3066 - 25295 = 0, 5*l - 14142 = -u. What are the prime factors of u?
14177
Let q = -15371 + 19059. What are the prime factors of q?
2, 461
Suppose 2*h + 131 = -2*m + 21, 0 = -2*m - 4*h - 100. Let z = 60 + m. Suppose 14*w + 26 - 544 = z. List the prime factors of w.
37
Let t = -77585 - -129323. List the prime factors of t.
2, 3, 8623
Let y = -30 - -31. Suppose -4*t = -9 + y. Suppose -3*p - 3*u = u - 23, t*u + 11 = 3*p. List the prime factors of p.
5
Let s(g) = -3*g**2 - 57*g + 74. Let v be s(-20). Let p(t) = 34*t**2 - 7*t - 8. Let j be p(7). Suppose 29 = v*u - j. What are the prime factors of u?
3, 13
Suppose 0 = y - 1, 7*y - 5*y = 5*m + 207. Let u = -44 + 65. Let k = u - m. List the prime factors of k.
2, 31
Suppose 4*p = 3*y - 920, 9*y - 1528 = 4*y + 4*p. Suppose -y*v = -306*v + 2564. List the prime factors of v.
2, 641
Let p = -29 + 35. Let j(h) = -8 + 10 - p - 17*h. List the prime factors of j(-5).
3
What are the prime factors of ((-10)/12*99/(-66))/(1/7368)?
2, 3, 5, 307
Let l(p) = 45*p + 53. Let x = -162 + 166. What are the prime factors of l(x)?
233
Suppose 8*w - 9*w + 65 = 0. Let f = w + -62. Suppose -2*h + c = -21, 0 = 4*h + f*c - c - 62. What are the prime factors of h?
13
Let g(z) = 10*z + 3*z**2 + 15*z + 3*z - 2*z**2 + 9. Let q be g(-25). Let j = 242 + q. List the prime factors of j.
2, 11
Suppose t = -4*s - 2*t + 294, -296 = -4*s - 4*t. Let y = 75 - s. Suppose -2*w = -h + 71, y*h - 6*h + 2*w = -221. What are the prime factors of h?
3, 5
Suppose -7*u + 2*u = -2*a - 2970, 0 = -5*u + a + 2965. Let t = u + -570. List the prime factors of t.
2, 11
Let u = -1 + -285. Let f = u + 489. What are the prime factors of f?
7, 29
Suppose 139*x - 623619 - 113915 = 0. What are the prime factors of x?
2, 7, 379
Let h(n) = 195*n - 40. Let r be h(3). Let q = r - 145. What are the prime factors of q?
2, 5
Suppose 6*i - 2 - 4 = 0. Suppose 0*h = -q - 5*h + 22, -2*h - i = -q. Suppose -3*u + q*u = f - 17, -4*f - 5*u = -89. List the prime factors of f.
3, 7
Let t = 316 - 269. Let n(u) = u**3 + 6*u**2 - 4*u - 3. Let k be n(-5). Let l = t + k. List the prime factors of l.
89
Suppose 0 = -3*y - 13 + 19. Suppose y*f + 0*f = -4*g + 58, -32 = -g - 4*f. List the prime factors of 4/10 + -171*g/(-20).
103
Let c(m) = 640*m**2 - 40*m + 134. List the prime factors of c(4).
2, 5107
Let q(z) = 244*z**2 + 63*z - 39. List the prime factors of q(5).
2, 797
Let h be -3 + 2 + 12/6. Let m = h - -172. Suppose -m = -3*a - u, 3*a + a = -4*u + 244. List the prime factors of a.
2, 7
List the prime factors of (52145/(-6))/((234/(-108))/13).
5, 10429
Let m = 2945 - 1939. List the prime factors of m.
2, 503
Let d(w) = 4413*w - 2301. What are the prime factors of d(2)?
3, 5, 29
Let a = -70 + 74. Suppose -6 = 3*f, 2*c + 3*f - 137 = 1051. Suppose -h + u = 4*h - c, -h - a*u + 132 = 0. What are the prime factors of h?
2, 3, 5
List the prime factors of (-1 - -11)*1 - -25965.
5, 1039
Suppose -165 = 8*t + 27. List the prime factors of (-90)/2*(616/t - -10).
3, 5, 47
Let l be 5 - ((4 - 0) + -64). What are the prime factors of 12/(-3) + (l + -1 - 4)?
2, 7
Let h = 98 - 82. Suppose h*n + 6240 = 21*n. Suppose -2*d + n = 11*d. What are the prime factors of d?
2, 3
Suppose -147*s + 5*l = -152*s + 38675, 3*s - 23213 = -l. List the prime factors of s.
71, 109
Suppose 66 = 3*i + 3*c, 4*c = 4*i + 18 - 98. Suppose 20*v + 80 = i*v. Let z = -50 + v. List the prime factors of z.
2, 3, 5
Let y be (-76)/3 + (-4)/6. Suppose -456*t + 444*t = -1368. Let j = y + t. List the prime factors of j.
2, 11
Let c(r) = -r**2 - 3*r + 16. Let a be c(-5). Let s(u) = 167*u + 40. Let d be s(a). Suppose 4*n + 4*y = 290 + 750, 4*n + 3*y = d. List the prime factors of n.
2, 131
Suppose -98*v + 50433 - 769044 = -129*v. What are the prime factors of v?
3, 7727
Let r(j) = -4*j - 15. Let a(f) = -17*f - 60. Let p(k) = -2*a(k) + 9*r(k). Let d be p(-10). Suppose 150 + 390 = d*x. What are the prime factors of x?
2, 3
Suppose 0 = f - 4*l - 23, -4 = 3*f + 3*l + 2. What are the prime factors of 37 - 6/(9/(f - 0))?
5, 7
Let w(c) = -17*c - 10. Let o(a) = 2*a - 31. Suppose 0 = 8*j - 2*j - 78. Let y be o(j). What are the prime factors of w(y)?
3